8 + 28?
8
Calculate (8 + 4 - (7 - -5)) + (-17 - -1).
-16
Evaluate (41 - 1) + (6 - 22) + 7.
31
Evaluate (5 - -2) + (48 - (18 + -9 + -5)).
51
8 + (72 + -9 - (-11 - (-6 + (7 - 3))))
80
What is the value of 8 - ((-13 - 4 - -4) + 177 + -65)?
-91
What is 84 + 4 + -8 - (107 + -65 + -41)?
79
What is the value of 26 + -19 - (4 + 0) - (0 - 64 - 3)?
70
What is 22 - (31 + (7 - -21) + -40)?
3
Evaluate -3275 + 3275 + 0 + 86 + (-1 - -9).
94
Calculate (-8 - (23 - (29 + -20))) + -22.
-44
Calculate (-84 - 15) + (-44 - (-49 - -31)).
-125
What is 0 - -110 - (324 + -259)?
45
What is the value of (-50 - 0) + -4142 + 4096?
-96
Evaluate (9 - (8 - 17) - 6 - 28) + -4.
-20
-6 + 0 + (-770 - -787) + (74 - 0)
85
What is the value of (15 + 9 - 27) + (1 - 2) + 3?
-1
What is 26 + -20 - (-46 + 1) - (322 - 306)?
35
What is (-10 - (-12 - -1)) + 3 + 8 + -3 + 8?
17
Calculate 83 + -3 + (1190 - 1277).
-7
What is -14 + (1 - 6 - 1) + 37 + -118?
-101
What is (34 - 96 - -41) + -32?
-53
-1 + 0 - (-22 - (34 - 81))
-26
What is the value of (-33 - (-10 - -28) - 1) + 1 + 6?
-45
Calculate -2 + -40 - (354 - 206 - 104).
-86
Evaluate (-7 + (9 - -39) - 20) + 2 + -3 + 1.
21
What is the value of (26 + -29 - (0 + -102)) + (9 - 17)?
91
What is the value of (-48 + 2 - 0) + -1705 + 1714?
-37
What is (106 + -14 - 9) + 24 + -15 + -11?
81
What is 4 + ((9 - -1 - 9) + -4 - 46)?
-45
Calculate -27 + 19 + (7 - (2 + 13)) + -3.
-19
Calculate -73 + (70 - -60) - (4 - -1).
52
What is the value of -32 + 50 - -28 - (-4 - (2 - 4) - 1)?
49
What is 40 - (16 - 8) - -9 - -6?
47
(51 + -73 - (2 + -14)) + -24 + 0
-34
Calculate -3 + (4 - -21) + (17 - 70).
-31
What is the value of -36 + (-35 - -69) + -6 - (1 + -59 + 3)?
47
-85 + 1 + (-4 - -3) - (-1244 - -1246)
-87
What is -24 + (31 + 0 - 62)?
-55
Evaluate -23 - (-37 + (143 - 45)) - 42.
-126
What is -2 - -23 - (8 + -21 - -20 - -3)?
11
What is the value of 28 - (-6 + 24 + (11 - 4 - 19))?
22
Evaluate 25 + -54 + 52 + 11.
34
Evaluate (-1 - -48) + 566 + -628 + (-3 - -1 - 6).
-23
What is the value of -22 + -4 + (25 - 13)?
-14
Evaluate -92 - ((45 - 30) + -63).
-44
Calculate 719 + -595 + -143 + 3.
-16
Calculate 5 + -3 + (6 - 10) + -24 + 152 + -18.
108
Calculate -4 + -46 + 13 + (-44 - -40).
-41
Evaluate 1 + 40 - (-10 + 1 + (6297 - 6288)).
41
Calculate (17 - (9 + -25) - 16) + -28.
-11
-13 - (-10 + (3 - -5) - 2) - (0 - -1)
-10
(-3 - -15) + (2 - (8 + -14)) - -1
21
What is the value of -35 + 71 - -22 - 144?
-86
What is the value of 26 - (-3 + -2 + 41) - (1 + -1 - -13)?
-23
(-201 + 192 - (-3 - (25 + 1))) + 13
33
What is the value of (4 - 16) + -11 + 23?
0
55 + 4 + -59 - (2 - 28)
26
What is (33 - 2) + (14 + 7 - 25 - 7 - -8)?
28
Evaluate (129 - 108) + (-81 - -3).
-57
Calculate 5 + 1 + -8 + 5 + -19 + 26 + -9.
1
Evaluate (7 - 75 - -33) + 89 + 6.
60
What is the value of 22 + -28 + -60 - -51?
-15
Calculate -30 + -24 + (-26 - -7).
-73
What is 2410 + -2380 - (16 - 0) - (0 + 3 + 26)?
-15
Calculate 29 - (16 - (-14 + 5 - -10)) - 15.
-1
-22 - 5 - (-12 + 7 - (-1 + 10 + -7))
-20
-13 + (-1 - -3) - (269 + (-268 - -69))
-81
-55 + (-11 - -32) + 24 - (-27 - -1)
16
Calculate 4 + (-24 - 3 - -95) - 11.
61
Calculate 1 + (-7 - -1) + -52 - (-11 - -7).
-53
Evaluate (-110 - -134) + (6 - -2) - (-12 + 7).
37
-1971 + 1962 - (0 + -31)
22
What is -107 + (-8 + 10 - 16) + (2 + 9 - 9)?
-119
-2 + -1 + (12 - 23 - -11) - 53
-56
What is the value of -133 + (4 - -131 - 94)?
-92
-44 + -8 + 20 + (3 - -2) + -11
-38
Evaluate 19 + 3 + (5 - (26 - -23)).
-22
Calculate -19 - -9 - (1061 + -1083).
12
Calculate (-72 - -44) + -29 + 34.
-23
What is the value of 18 + (26 - -8) + (216 - 250)?
18
What is 0 - -8 - (1807 - 1852)?
53
(-2 - -4 - -35) + -10 + (-36 - -27)
18
71 - ((-66 - -83) + -54)
108
(-19 - (-10 - 15) - 8) + 79
77
What is -2 + (3 - 2) + 33 - (144 - 140)?
28
What is 58 + (-21 - 25) - (25 + -4)?
-9
What is -106 + 5 - -59 - -54?
12
Calculate 40 - (14 - (46 + -12)).
60
Evaluate -7 - 10 - (12 + -55) - -7.
33
(0 + -15 - (294 + -332)) + 44
67
What is (-55 + 88 - -49) + -67?
15
Evaluate (1 + -10 - (63 - (33 + -28) - 28)) + 1.
-38
19 + -24 + (25 - (3 - (-4 - -6)))
19
Calculate 62 + -10 + -72 + -93.
-113
What is the value of 25 - ((-2 - (11 - -9) - -9) + -7)?
45
What is (-8 - (39 + -95)) + -54?
-6
Evaluate 53 + -13 + 6 + (-13 - -1 - 2).
32
What is the value of (12 - (-20 - -33)) + (-5 - -49) + -5 + 0?
38
Evaluate -11 + 12 + -7 + 45.
39
Calculate -1 + -7 + 16 - (60 + -15 - (14 + -7)).
-30
64 + -86 + -173 - -53
-142
Evaluate 17 + -1 + 2 + -1 + -293 + 183 + 117.
24
Calculate (-3 + 2 + (140 - 147) - -2) + 4.
-2
8 + (0 - (-5 - (-1 + 1))) - 42
-29
What is the value of 157 + 73 + 1 + -154?
77
What is -901 - -907 - (1 + 20 - (-11 + 12))?
-14
Calculate (1 - -8 - (-26 + 7 + (-12 - -30))) + 45.
55
What is the value of (14 - 49 - -23) + -11 - (1 + -5)?
-19
What is 0 + (-112 - (30 - 83))?
-59
What is the value of (4 - (13 + 12 + -2 - 10)) + -81 + 5?
-85
-12 + -39 - (-14 + 15) - -8
-44
-31 + (35 - (54 + 6))
-56
Evaluate 78 - (-17 + 79 - -60).
-44
Evaluate -1325 + 1265 + 32 + -2.
-30
1 + -2 + 18 + -22 + -55
-60
What is 27 - ((-13 + 4 - (-43 - -39)) + 5)?
27
Calculate 6 + (-64 + 72 - 33).
-19
-16 - 0 - ((-18 - (26 + -44 - -22)) + 6)
0
What is the value of -1 - -9 - 41 - -5 - (1 + 10 + -10)?
-29
What is -69 + 17 + -12 + (-21 + 15 - 5)?
-75
What is the value of (-237 - -218) + 3 + -5 - -42?
21
What is the value of 11 - ((545 - 542) + (1 - 21))?
28
What is the value of 29 + 11 + 7 + -16 + -2 + -1 + 2?
30
-1 - (-78 + (11 + -11 - 12))
89
What is the value of -1793 - -1830 - (-14 + 1 - 0)?
50
What is 53 - (-41 - -98 - 46)?
42
Calculate (7 - (-4 - -30) - 2) + -19.
-40
10 + (2 - (-1 - -1)) + (-6 - (-7 - -6))
7
What is (68 - 0) + (-4505 - -4388)?
-49
What is the value of -10 - (2 + -16) - (-112 - -66)?
50
Evaluate (24 + 13 + -10 - 5 - 11) + 21.
32
Calculate -1 + (-1 - -3) - (-58 + (-5 - -40) + -29).
53
8 - (-6 + -1 - (-33 - 0)) - -4
-14
What is 69 - (-124 + 268) - (-10 - 2)?
-63
What is (3 - 1) + (-826 - -793) + 150?
119
What is 21 - (7 - (-11 - (15 - 52)) - -14)?
26
Evaluate -2800 + 2834 - (-20 + (-1 - 3)).
58
Evaluate -2 + -15 + (22 - 13) + 12.
4
What is the value of 10 + -5 + 2 - -6 - 6 - (-2 - -3)?
6
12 + 7 - (27 - 1 - -2)
-9
Calculate -9 + (-3 - 0 - (66 - ((-12 - -10) + 7))).
-73
12 + (19 + 0 - (-3 + 5 + -15))
44
Calculate -1 - (95 + 1) - (11 + -299 - -308).
-117
Calculate -11 + 2 - -13 - (0 - -71) - (52 - 42).
-77
Evaluate 33 + -24 + 35 + -107 - -13.
-50
Calculate 6 + -8 + (-2 - (-32 + 129) - (2 - 1)).
-102
What is -197 + 227 - (-19 - (-10 - -1))?
40
What is the value of 12 + -10 + 1 + (-6 + -5 - 12)?
-20
What is -5 - (2 + -12 + (18 - (-25 - -8)))?
-30
What is -7 - 98 - (1136 + -1209)?
-32
Calculate 4 + 16 + (350 - 292).
78
What is -6 + -42 + 31 - -30?
13
What is the value of -14 - (39 - ((-5 - 17) + 20))?
-55
What is the value of -45 - (9 - (10 + -11) - 8)?
-47
Evaluate (-100 - -104) + 37 - 9.
32
What is -43 - (8 - 0) - -99?
48
Calculate 13 + (1 + 12 + -28 - -42) + -17.
23
Calculate -33 - (-3 + (-45 - 41)).
56
Calculate (137 - 98) + 11 + -8 + -11.
31
Evaluate -49 + (2 - (23 - 14)) + 14 + -8.
-50
What is -95 + -17 - -81 - (1 + 2)?
-34
Calculate (-52 - 64 - -27) + 36.
-53
Evaluate -9 - (1 + -3) - (-707 + 706).
-6
Evaluate (-3063 - -3106) + -70 + -1.
-28
Evaluate -4 + (-14 - (-1 + 8 + -9)) - 19.
-35
What is 15 + (0 - 22 - -19 - 0)?
12
What is the value of (1 - 0) + 43 + -60 + (8 - (-7 - -8))?
-9
Evaluate (-2 - -8) + 2 + (49 - (-27 + 62)).
22
What is the value of -1 - -7 - ((-33 - (48 - 99)) + -45)?
33
What is -98 - (8 + -106 + 45)?
-45
What is (-50 - -55) + (-3 - -3) + 17 + -9 + -2?
11
What is (-3 - -2 - 13 - -2) + 454 + -407?
35
What is -23 + (1 - (-4 - -10) - (0 - -5))?
-33
-1 + (14 - -17) + -16 + (-4 - -36)
46
Calculate -4640 - -4622 - (-90 + 3).
69
Calculate 46 + (-19 - 31) + 32 + (0 - 2) + 3.
29
Calculate 3 + -3 + -27 + 19 + 146.
138
Evaluate (-3 - -14) + (-22 - -8) - -22.
19
Evaluate 38 - (-12 + 38) - 25 - 28.
-41
83 - (85 + -15) - (-2 - 6)
21
What is the value of -15 + -26 + 14 - (-22 + 26)?
-31
Evaluate 2 - -57 - (803 - 793 - (-1 + 0 + 8)).
56
Evaluate 25 + 93 + -108 + -56.
-46
7 - (24 + (4 - 19) - (-6 + 1))
-7
Calculate 31 + -89 + 89 + -19 + -2.
10
Evaluate (12 - 2) + (-1 - -7 - 1 - (26 + -52)).
41
Evaluate -3 + (64 - 3) - (-179 + 97 + 71).
69
Evalu